). Let l = n + -9. What is the hundreds digit of l?
0
Let c be 130/91 - (-3)/(-7). What is the hundreds digit of (-4 - (4 - c)) + 119?
1
What is the hundreds digit of ((-6342)/4)/((-45)/240)?
4
Let c = -115 + 869. Let k = c + -173. What is the units digit of k?
1
Let x(z) = z**2 + 3*z - 2. Let k be x(-4). Let i(v) be the first derivative of v**4/2 + v**3/3 + 2*v**2 - 4*v - 25. What is the tens digit of i(k)?
2
Let i be 552 + (0 + 1)/(19/57). Suppose -4*s - 3*k = -i, -3*s + 8*k + 380 = 3*k. Suppose 0 = 3*v - d - 85, -d - s = -5*v - 6*d. What is the units digit of v?
8
Let g = 199 - -180. Let i = -314 + g. What is the units digit of i?
5
Suppose 330363 = 96*g - 1364229. What is the tens digit of g?
5
Suppose 0*l - 5*l + 98191 = -4*v, -4*v = 3*l - 58889. What is the units digit of l?
5
Suppose 0 = 6*h - 119 - 1063. Let k be (0/3)/(4 - 3). Suppose -2*c + 4*q = -19 - 99, k = -4*c - 5*q + h. What is the units digit of c?
3
Let g(o) = -2*o**3 - 26*o**2 - 2*o - 19. Let z be g(-13). Let u(w) = 90*w - 65. What is the hundreds digit of u(z)?
5
Let k(r) be the second derivative of -9*r**5/2 + 9*r. Let x be k(1). Let p = 20 - x. What is the tens digit of p?
1
Suppose 187*v - 192*v = 3*t - 156459, -t + 52123 = 5*v. What is the thousands digit of t?
2
Suppose -5709*x - 5*l + 112810 = -5707*x, 5*l + 169265 = 3*x. What is the thousands digit of x?
6
Suppose -6*s + 9494 = 146. Let h = 3373 - s. What is the thousands digit of h?
1
Let a be (4/(-8))/((-1)/8). Suppose 3*c = a*o + 1233, 3*c + 6*o - 1260 = o. What is the hundreds digit of c?
4
Let s(y) = -9*y**2 - 6*y + 1734. What is the thousands digit of s(0)?
1
Suppose l - 3*l - a = -708, -5*a + 1062 = 3*l. Suppose l + 252 = 3*i. Let u = i - 111. What is the units digit of u?
1
Let c = -99 + 108. Suppose 19*d = c*d + 2390. What is the hundreds digit of d?
2
Let n(v) = 9*v**3 - v**2 + 28*v - 142. What is the tens digit of n(4)?
3
Let i = 2597 - 3687. Let w = 1868 + i. What is the units digit of w?
8
Suppose -5*d = -6*d + 4, 2*i - d = -14. Let b(s) = s**2 - 53*s - 6. What is the tens digit of b(i)?
8
Suppose -3*w - 5*p + 158 = -0*p, 0 = 3*w + 4*p - 163. Let b be -7 + 102 + 12 + -6. Let c = b - w. What is the tens digit of c?
4
Let s(r) be the third derivative of 7*r**5/5 + r**4/3 + 3*r**2 + 3. What is the units digit of s(-2)?
0
Let t(n) = n**3 + 21*n**2 + 20*n + 2. Let m be t(-20). Suppose -4*o + 70 = 2*h - 2*o, 0 = -m*o - 6. Suppose h = -p + 134. What is the units digit of p?
6
Suppose -5*m + 94 = -3*m. Let a be (-15)/(-20)*-2*(-290)/15. Let h = m - a. What is the tens digit of h?
1
Let l = 787 - -1155. What is the thousands digit of l?
1
Let u = 322 - 402. What is the units digit of -2*16*405/u*4?
8
Let y(i) = 87*i - 5. Let d(t) = -t**2 - 9*t + 114. Let u be d(-16). What is the units digit of y(u)?
9
Suppose -4*q + 4*i + 38812 = 0, -859 + 20223 = 2*q + 5*i. What is the hundreds digit of q?
6
What is the tens digit of (2 + (-552)/15)/(11/(-825))?
1
Suppose -32*j = -189 + 61. Suppose -5*k - 5085 = -4*i, 5 = -j*k - 15. What is the units digit of i?
5
Suppose -t = -2*b - 7, -4*t + 0*b = b - 37. Suppose -t*l = -13*l + 84. What is the units digit of 216/l + 2*(-2)/14?
0
Let d(s) = -60*s - 97. Let g be d(-7). Suppose 0 = -10*q + 627 + g. What is the units digit of q?
5
Let c = 41907 - 23662. What is the thousands digit of c?
8
What is the units digit of (10 + 2)/((-198)/(-319473))?
2
Suppose 8 = -x + 10. Suppose -3*n + x = -256. Let g = 151 - n. What is the tens digit of g?
6
Suppose -79729 + 23623 = -27*m. What is the hundreds digit of m?
0
Suppose 0*j + 2*n = 5*j + 933, -4*j = -2*n + 746. Let d = 640 + j. Suppose 5*w - 25 = 0, -6*b + 4*b - 5*w + d = 0. What is the hundreds digit of b?
2
Let f(g) = 7*g**2 - 30*g + 11. Let u = 508 - 494. What is the units digit of f(u)?
3
Suppose 35*r + 2*s = 34*r + 14952, 4*r - 3*s = 59764. What is the tens digit of r?
4
Suppose 59*d - 141347 - 170645 = 0. What is the units digit of d?
8
Let d(k) = -10 - k**3 + 20*k - 9*k**2 - 27*k + 2*k**3. What is the hundreds digit of d(11)?
1
Suppose 32*s - 35*s - 3 = 0. What is the units digit of (791/28)/(s/(-4))?
3
Let f be (20*(-3)/(-18))/((-4)/(-12)). Suppose -j = -2*j + f. Suppose 0 = 5*y + i - 43 - 557, -2*i = -j. What is the units digit of y?
9
Let b = 11002 + -2282. What is the units digit of b?
0
Let p(v) = v + 1. Suppose 3 = -2*h + 1. Let j(s) = -2*s - 12. Let k(o) = h*j(o) - 6*p(o). What is the units digit of k(-2)?
4
Let c = 26369 + -9865. What is the ten thousands digit of c?
1
Suppose -30*w - 5733 = -21*w. Let n = w + 1589. What is the units digit of n?
2
Let w(m) = -41*m - 38. Let j be w(-5). Suppose 4*o - j = -4*r + 1177, 0 = -3*o - 9. What is the tens digit of r?
3
Let s(j) = -j - 2. Let x be s(-2). Suppose 5*b + 245 = 7*v - 2*v, 5*b - 20 = x. Let g = v - 22. What is the units digit of g?
1
Let h = -3971 + 3975. Let g(a) = a + 5. Let f be g(-5). Suppose f = 4*y - o - 9, -h*o + 20 = y + 5. What is the units digit of y?
3
Let j be ((-50)/4)/(3/(-36)). Let i = -5180 - -5095. Let d = j + i. What is the tens digit of d?
6
Let x be (-36)/10*90/(-54) + -1. Suppose 5*r - b = 72, x = -2*r + 5*b + 20. What is the tens digit of r?
1
Let d(y) = -2*y**2 + y + 1169. Let h be d(0). Let m = h + -523. What is the tens digit of m?
4
What is the tens digit of (-274*(-1)/10 + -1)/(222/22200)?
4
Let g = -2894 + 3182. What is the units digit of g?
8
Suppose 8*d = 127 + 25. Let x = d + -17. Suppose -4*l = 4*b + l - 406, 0 = x*b - 2*l - 212. What is the hundreds digit of b?
1
Let o(h) = 3*h - 16. Let a be o(6). Suppose 4*b + 0*b + i - 480 = 0, -3*b + 360 = -a*i. Suppose 3*v + s - b = -15, -v - 5*s = -21. What is the units digit of v?
6
Let q(z) = -z**3 + 6*z**2 - z - 23. Suppose -2*h + 15*d - 11*d = 12, 4*d = 0. What is the hundreds digit of q(h)?
4
What is the thousands digit of (0 + -1 - -15117)/((-3666)/117 - -32)?
2
Let g be (-22)/(-4) - (-3)/(8 - 2). Suppose -g*v + 17*v - 1771 = 0. What is the units digit of v?
1
Suppose -65*l = -1357138 - 1368492 + 985645. What is the thousands digit of l?
6
Let y(n) = 368*n**2 + 57*n + 17. What is the tens digit of y(-7)?
5
Let b = 8254 - 4832. What is the hundreds digit of b?
4
Let w(u) = -u**3 - u**2 - 4*u + 8. Let g be w(-6). Let c(t) = 4*t**2 + 36*t - 217. Let f be c(5). Suppose 59*o + g = f*o. What is the units digit of o?
3
Let j = 647 - 627. Suppose -j*f - 6343 + 30783 = 0. What is the tens digit of f?
2
What is the tens digit of (0/7 - -1)*(7478 + 2)?
8
Let u(h) = -h**3 + 73 + 5*h - 2*h - 17*h**2 - 2. What is the units digit of u(-17)?
0
Suppose 0 = -5*m + d + 483, -m + 93 = 30*d - 29*d. What is the units digit of m?
6
Let j(d) = -2*d**3 + 31*d**2 - 8*d + 1. What is the thousands digit of j(10)?
1
Let c(u) = -u**2 - 19*u - 44. Let m be c(-16). Suppose -p - 383 = -k, -132 = 2*k - m*p - 892. What is the tens digit of k?
8
Let p(b) = -146*b**3 + 3*b**2 - 68*b - 389. What is the thousands digit of p(-6)?
1
Suppose -b + q = -3, -2*b + 6 = -3*q - 2*q. Suppose -b*w = 5*g - 9320, 16*g - 5*w = 21*g - 9310. What is the units digit of g?
7
Let v be ((-27 - 0)/9)/(3/10). What is the tens digit of (v/3)/((-4)/378)?
1
Let c = -38 + 38. Suppose -4*s = -2*l - 6, -2*s - 2*l + 6 = -c*l. Suppose -66 = -p - s*r, -2*r - 30 + 172 = 2*p. What is the units digit of p?
6
Let r = 57 + -56. Let p = 3 - r. Suppose -31 - 135 = -p*n. What is the units digit of n?
3
Let i(r) = 9*r**2 + 6*r - 2. Let j be i(2). Suppose 332 = -6*a - j. Let b = a + 186. What is the tens digit of b?
2
Suppose 2*j + 3*x - 250 = 0, -j + x + 353 = 2*j. What is the tens digit of ((-176)/(-4))/(14/j)?
7
Let x(w) = 7*w + 22. Let d be 12/30*30/2. What is the tens digit of x(d)?
6
Let g = -3309 - -3838. What is the units digit of g?
9
Let z(r) = r**3 - 3*r**2 - r - 4. Let h be z(4). Let k(m) be the third derivative of 3*m**4/8 - 10*m**3/3 - 5*m**2. What is the units digit of k(h)?
2
Let w be (-2049)/15*1 - 16/40. Let c(u) = u**3 + 9*u**2 - 3*u - 1. Let j be c(-9). Let q = j - w. What is the tens digit of q?
6
Let n = 88 + -84. Let c be (206/6)/(n + (-23)/6). Suppose -5*l + 7*l + y = 194, 5*y = 2*l - c. What is the tens digit of l?
9
Let i(b) = b**3 - 16*b**2 + 2*b - 264. What is the tens digit of i(26)?
4
Let l(z) = -11*z**2 - 9*z + 37. Let i(h) = -1. Let x(p)